{"id":1000,"date":"2021-10-06T23:03:32","date_gmt":"2021-10-06T23:03:32","guid":{"rendered":"http:\/\/adsil.com.mx\/site\/?page_id=1000"},"modified":"2021-10-19T15:42:59","modified_gmt":"2021-10-19T15:42:59","slug":"pisos-y-muros","status":"publish","type":"page","link":"https:\/\/adsil.com.mx\/site\/servicios\/pisos-y-muros\/","title":{"rendered":"Pisos y Muros"},"content":{"rendered":"\t\t<div data-elementor-type=\"wp-page\" data-elementor-id=\"1000\" class=\"elementor elementor-1000\" data-elementor-settings=\"[]\">\n\t\t\t\t\t\t\t<div class=\"elementor-section-wrap\">\n\t\t\t\t\t\t\t<section class=\"elementor-section elementor-top-section elementor-element elementor-element-480c624 elementor-section-boxed elementor-section-height-default elementor-section-height-default\" data-id=\"480c624\" data-element_type=\"section\">\n\t\t\t\t\t\t<div class=\"elementor-container elementor-column-gap-default\">\n\t\t\t\t\t<div class=\"elementor-column elementor-col-100 elementor-top-column elementor-element elementor-element-5702949\" data-id=\"5702949\" data-element_type=\"column\">\n\t\t\t<div class=\"elementor-widget-wrap elementor-element-populated\">\n\t\t\t\t\t\t\t\t<section class=\"elementor-section elementor-inner-section elementor-element elementor-element-0b9ffa9 elementor-section-boxed elementor-section-height-default elementor-section-height-default\" data-id=\"0b9ffa9\" data-element_type=\"section\">\n\t\t\t\t\t\t<div class=\"elementor-container elementor-column-gap-default\">\n\t\t\t\t\t<div class=\"elementor-column elementor-col-100 elementor-inner-column elementor-element elementor-element-a2f7711\" data-id=\"a2f7711\" data-element_type=\"column\">\n\t\t\t<div class=\"elementor-widget-wrap elementor-element-populated\">\n\t\t\t\t\t\t\t\t<div class=\"elementor-element elementor-element-20dd322 elementor-widget elementor-widget-heading\" data-id=\"20dd322\" data-element_type=\"widget\" data-widget_type=\"heading.default\">\n\t\t\t\t<div class=\"elementor-widget-container\">\n\t\t\t<h4 class=\"elementor-heading-title elementor-size-default\">Adsil para Pisos y Muros<\/h4>\t\t<\/div>\n\t\t\t\t<\/div>\n\t\t\t\t\t<\/div>\n\t\t<\/div>\n\t\t\t\t\t\t\t<\/div>\n\t\t<\/section>\n\t\t\t\t<div class=\"elementor-element elementor-element-90cbe4c elementor-hidden-mobile elementor-widget-divider--view-line elementor-widget elementor-widget-divider\" data-id=\"90cbe4c\" data-element_type=\"widget\" data-widget_type=\"divider.default\">\n\t\t\t\t<div class=\"elementor-widget-container\">\n\t\t\t\t\t<div class=\"elementor-divider\">\n\t\t\t<span class=\"elementor-divider-separator\">\n\t\t\t\t\t\t<\/span>\n\t\t<\/div>\n\t\t\t\t<\/div>\n\t\t\t\t<\/div>\n\t\t\t\t<div class=\"elementor-element elementor-element-ea511bc elementor-hidden-desktop elementor-hidden-tablet elementor-widget-divider--view-line elementor-widget elementor-widget-divider\" data-id=\"ea511bc\" data-element_type=\"widget\" data-widget_type=\"divider.default\">\n\t\t\t\t<div class=\"elementor-widget-container\">\n\t\t\t\t\t<div class=\"elementor-divider\">\n\t\t\t<span class=\"elementor-divider-separator\">\n\t\t\t\t\t\t<\/span>\n\t\t<\/div>\n\t\t\t\t<\/div>\n\t\t\t\t<\/div>\n\t\t\t\t<section class=\"elementor-section elementor-inner-section elementor-element elementor-element-7671dc9 elementor-section-boxed elementor-section-height-default elementor-section-height-default\" data-id=\"7671dc9\" data-element_type=\"section\">\n\t\t\t\t\t\t<div class=\"elementor-container elementor-column-gap-default\">\n\t\t\t\t\t<div class=\"elementor-column elementor-col-50 elementor-inner-column elementor-element elementor-element-b649cb8\" data-id=\"b649cb8\" data-element_type=\"column\">\n\t\t\t<div class=\"elementor-widget-wrap elementor-element-populated\">\n\t\t\t\t\t\t\t\t<div class=\"elementor-element elementor-element-7988737 elementor-widget elementor-widget-heading\" data-id=\"7988737\" data-element_type=\"widget\" data-widget_type=\"heading.default\">\n\t\t\t\t<div class=\"elementor-widget-container\">\n\t\t\t<h3 class=\"elementor-heading-title elementor-size-default\">Acabado Brillante<\/h3>\t\t<\/div>\n\t\t\t\t<\/div>\n\t\t\t\t<div class=\"elementor-element elementor-element-47ccce5 elementor-widget elementor-widget-image\" data-id=\"47ccce5\" data-element_type=\"widget\" data-widget_type=\"image.default\">\n\t\t\t\t<div class=\"elementor-widget-container\">\n\t\t\t\t\t\t\t\t\t\t\t\t\t\t\t<img src=\"https:\/\/adsil.com.mx\/site\/wp-content\/uploads\/2021\/10\/acabado-brillante.jpg\" title=\"acabado-brillante\" alt=\"acabado-brillante\" \/>\t\t\t\t\t\t\t\t\t\t\t\t\t\t\t<\/div>\n\t\t\t\t<\/div>\n\t\t\t\t<div class=\"elementor-element elementor-element-b9056b4 elementor-widget elementor-widget-text-editor\" data-id=\"b9056b4\" data-element_type=\"widget\" data-widget_type=\"text-editor.default\">\n\t\t\t\t<div class=\"elementor-widget-container\">\n\t\t\t\t\t\t\t<ul><li>Al aplicar Adsil, se logra brillo hasta por 3 a\u00f1os.<\/li><li>Es f\u00e1cil de limpiar y mantener.<\/li><li>Puede aplicarse casi encualquier superficie.<\/li><li>Repelente al agua, a los rayos UV y sustancias qu\u00edmicas.<\/li><li>Inhibe el crecimiento de bacterias y moho.<\/li><\/ul>\t\t\t\t\t\t<\/div>\n\t\t\t\t<\/div>\n\t\t\t\t\t<\/div>\n\t\t<\/div>\n\t\t\t\t<div class=\"elementor-column elementor-col-50 elementor-inner-column elementor-element elementor-element-7eae1ca\" data-id=\"7eae1ca\" data-element_type=\"column\">\n\t\t\t<div class=\"elementor-widget-wrap elementor-element-populated\">\n\t\t\t\t\t\t\t\t<div class=\"elementor-element elementor-element-55c4bdf elementor-widget elementor-widget-heading\" data-id=\"55c4bdf\" data-element_type=\"widget\" data-widget_type=\"heading.default\">\n\t\t\t\t<div class=\"elementor-widget-container\">\n\t\t\t<h3 class=\"elementor-heading-title elementor-size-default\">Acabado Anti-Graffiti<\/h3>\t\t<\/div>\n\t\t\t\t<\/div>\n\t\t\t\t<div class=\"elementor-element elementor-element-0499b28 elementor-widget elementor-widget-image\" data-id=\"0499b28\" data-element_type=\"widget\" data-widget_type=\"image.default\">\n\t\t\t\t<div class=\"elementor-widget-container\">\n\t\t\t\t\t\t\t\t\t\t\t\t\t\t\t<img src=\"https:\/\/adsil.com.mx\/site\/wp-content\/uploads\/2021\/10\/acabado-sen\u0303alizacion.jpg\" title=\"acabado-sen\u0303alizacion\" alt=\"acabado-sen\u0303alizacion\" \/>\t\t\t\t\t\t\t\t\t\t\t\t\t\t\t<\/div>\n\t\t\t\t<\/div>\n\t\t\t\t<div class=\"elementor-element elementor-element-dacaa91 elementor-widget elementor-widget-text-editor\" data-id=\"dacaa91\" data-element_type=\"widget\" data-widget_type=\"text-editor.default\">\n\t\t\t\t<div class=\"elementor-widget-container\">\n\t\t\t\t\t\t\t<p>Al aplicar la tecnolog\u00eda Adsil, se facilita la limpieza.<br \/>En superficies protegidas con Adsil, se limpia f\u00e1cilmente con agua.<\/p><p>Despu\u00e9s de aplicar Adsil a los se\u00f1alamientos, estos prolongan su resistencia a la fricci\u00f3n, al tr\u00e1fico pesado, a los solventes, al agua y a los rayos UV, hasta por 3 a\u00f1os.<\/p>\t\t\t\t\t\t<\/div>\n\t\t\t\t<\/div>\n\t\t\t\t\t<\/div>\n\t\t<\/div>\n\t\t\t\t\t\t\t<\/div>\n\t\t<\/section>\n\t\t\t\t<section class=\"elementor-section elementor-inner-section elementor-element elementor-element-8143022 elementor-section-boxed elementor-section-height-default elementor-section-height-default\" data-id=\"8143022\" data-element_type=\"section\">\n\t\t\t\t\t\t<div class=\"elementor-container elementor-column-gap-default\">\n\t\t\t\t\t<div class=\"elementor-column elementor-col-50 elementor-inner-column elementor-element elementor-element-d83cbdd\" data-id=\"d83cbdd\" data-element_type=\"column\">\n\t\t\t<div class=\"elementor-widget-wrap elementor-element-populated\">\n\t\t\t\t\t\t\t\t<div class=\"elementor-element elementor-element-6b9d2b5 elementor-widget elementor-widget-heading\" data-id=\"6b9d2b5\" data-element_type=\"widget\" data-widget_type=\"heading.default\">\n\t\t\t\t<div class=\"elementor-widget-container\">\n\t\t\t<h3 class=\"elementor-heading-title elementor-size-default\">Acabado Antiderrapante<\/h3>\t\t<\/div>\n\t\t\t\t<\/div>\n\t\t\t\t<div class=\"elementor-element elementor-element-7d00c03 elementor-widget elementor-widget-image\" data-id=\"7d00c03\" data-element_type=\"widget\" data-widget_type=\"image.default\">\n\t\t\t\t<div class=\"elementor-widget-container\">\n\t\t\t\t\t\t\t\t\t\t\t\t\t\t\t<img src=\"https:\/\/adsil.com.mx\/site\/wp-content\/uploads\/2021\/10\/acabado-antiderrapante.jpg\" title=\"acabado-antiderrapante\" alt=\"acabado-antiderrapante\" \/>\t\t\t\t\t\t\t\t\t\t\t\t\t\t\t<\/div>\n\t\t\t\t<\/div>\n\t\t\t\t<div class=\"elementor-element elementor-element-1954781 elementor-widget elementor-widget-text-editor\" data-id=\"1954781\" data-element_type=\"widget\" data-widget_type=\"text-editor.default\">\n\t\t\t\t<div class=\"elementor-widget-container\">\n\t\t\t\t\t\t\t<ul><li>Reduce el riesgo de accidente.<\/li><li>Es ideal para aplicar en rampas y escaleras.<\/li><li>Totalmente matizado y cristalino.<\/li><li>Reduce los costos de mantenimiento.<\/li><li>No se raya ni se desprende.<\/li><li>Para aplicarse en casi cualquier superficie.<\/li><li>Es repelente al agua, a los rayos UV y a las sustancias qu\u00edmicas.<\/li><li>Inhibe el crecimiento de bacterias y moho.<\/li><\/ul>\t\t\t\t\t\t<\/div>\n\t\t\t\t<\/div>\n\t\t\t\t\t<\/div>\n\t\t<\/div>\n\t\t\t\t<div class=\"elementor-column elementor-col-50 elementor-inner-column elementor-element elementor-element-62294c0\" data-id=\"62294c0\" data-element_type=\"column\">\n\t\t\t<div class=\"elementor-widget-wrap elementor-element-populated\">\n\t\t\t\t\t\t\t\t<div class=\"elementor-element elementor-element-49f503d elementor-widget elementor-widget-heading\" data-id=\"49f503d\" data-element_type=\"widget\" data-widget_type=\"heading.default\">\n\t\t\t\t<div class=\"elementor-widget-container\">\n\t\t\t<h3 class=\"elementor-heading-title elementor-size-default\">Acabado Brillante Mate<\/h3>\t\t<\/div>\n\t\t\t\t<\/div>\n\t\t\t\t<div class=\"elementor-element elementor-element-5cbdd0b elementor-widget elementor-widget-image\" data-id=\"5cbdd0b\" data-element_type=\"widget\" data-widget_type=\"image.default\">\n\t\t\t\t<div class=\"elementor-widget-container\">\n\t\t\t\t\t\t\t\t\t\t\t\t\t\t\t<img src=\"https:\/\/adsil.com.mx\/site\/wp-content\/uploads\/2021\/10\/acabado-mate.jpg\" title=\"acabado-mate\" alt=\"acabado-mate\" \/>\t\t\t\t\t\t\t\t\t\t\t\t\t\t\t<\/div>\n\t\t\t\t<\/div>\n\t\t\t\t<div class=\"elementor-element elementor-element-cdf0ce2 elementor-widget elementor-widget-text-editor\" data-id=\"cdf0ce2\" data-element_type=\"widget\" data-widget_type=\"text-editor.default\">\n\t\t\t\t<div class=\"elementor-widget-container\">\n\t\t\t\t\t\t\t<ul><li>Conserva la apariencia natural de piedras, canteras, fuentes y monumentos.<\/li><li>Para aplicarse en casi cualquier superficie.<\/li><li>Reduce los costos de mantenimiento.<\/li><li>Es repelente al agua, a los rayos UV y a las sustancias qu\u00edmicas.<\/li><li>Inhibe el crecimiento de bacterias y moho.<\/li><\/ul>\t\t\t\t\t\t<\/div>\n\t\t\t\t<\/div>\n\t\t\t\t\t<\/div>\n\t\t<\/div>\n\t\t\t\t\t\t\t<\/div>\n\t\t<\/section>\n\t\t\t\t\t<\/div>\n\t\t<\/div>\n\t\t\t\t\t\t\t<\/div>\n\t\t<\/section>\n\t\t\t\t<section class=\"elementor-section elementor-top-section elementor-element elementor-element-d674c76 elementor-section-boxed elementor-section-height-default elementor-section-height-default\" data-id=\"d674c76\" data-element_type=\"section\">\n\t\t\t\t\t\t<div class=\"elementor-container elementor-column-gap-default\">\n\t\t\t\t\t<div class=\"elementor-column elementor-col-100 elementor-top-column elementor-element elementor-element-1ecd702\" data-id=\"1ecd702\" data-element_type=\"column\">\n\t\t\t<div class=\"elementor-widget-wrap elementor-element-populated\">\n\t\t\t\t\t\t\t\t<div class=\"elementor-element elementor-element-c1ef371 elementor-widget elementor-widget-image\" data-id=\"c1ef371\" data-element_type=\"widget\" data-widget_type=\"image.default\">\n\t\t\t\t<div class=\"elementor-widget-container\">\n\t\t\t\t\t\t\t\t\t\t\t\t\t\t\t<img src=\"https:\/\/adsil.com.mx\/site\/wp-content\/uploads\/2021\/10\/pisos.png\" title=\"pisos\" alt=\"pisos\" \/>\t\t\t\t\t\t\t\t\t\t\t\t\t\t\t<\/div>\n\t\t\t\t<\/div>\n\t\t\t\t\t<\/div>\n\t\t<\/div>\n\t\t\t\t\t\t\t<\/div>\n\t\t<\/section>\n\t\t\t\t\t\t<\/div>\n\t\t\t\t\t<\/div>\n\t\t","protected":false},"excerpt":{"rendered":"<p>Adsil para Pisos y Muros Acabado Brillante Al aplicar Adsil, se logra brillo hasta por 3 a\u00f1os. Es f\u00e1cil de limpiar y mantener. Puede aplicarse casi encualquier superficie. Repelente al agua, a los rayos UV y sustancias qu\u00edmicas. Inhibe el crecimiento de bacterias y moho. Acabado Anti-Graffiti Al aplicar la tecnolog\u00eda Adsil, se facilita la [&hellip;]<\/p>\n","protected":false},"author":1,"featured_media":0,"parent":819,"menu_order":0,"comment_status":"closed","ping_status":"closed","template":"elementor_header_footer","meta":[],"_links":{"self":[{"href":"https:\/\/adsil.com.mx\/site\/wp-json\/wp\/v2\/pages\/1000"}],"collection":[{"href":"https:\/\/adsil.com.mx\/site\/wp-json\/wp\/v2\/pages"}],"about":[{"href":"https:\/\/adsil.com.mx\/site\/wp-json\/wp\/v2\/types\/page"}],"author":[{"embeddable":true,"href":"https:\/\/adsil.com.mx\/site\/wp-json\/wp\/v2\/users\/1"}],"replies":[{"embeddable":true,"href":"https:\/\/adsil.com.mx\/site\/wp-json\/wp\/v2\/comments?post=1000"}],"version-history":[{"count":40,"href":"https:\/\/adsil.com.mx\/site\/wp-json\/wp\/v2\/pages\/1000\/revisions"}],"predecessor-version":[{"id":1160,"href":"https:\/\/adsil.com.mx\/site\/wp-json\/wp\/v2\/pages\/1000\/revisions\/1160"}],"up":[{"embeddable":true,"href":"https:\/\/adsil.com.mx\/site\/wp-json\/wp\/v2\/pages\/819"}],"wp:attachment":[{"href":"https:\/\/adsil.com.mx\/site\/wp-json\/wp\/v2\/media?parent=1000"}],"curies":[{"name":"wp","href":"https:\/\/api.w.org\/{rel}","templated":true}]}}