{"id":998,"date":"2021-10-06T23:03:08","date_gmt":"2021-10-06T23:03:08","guid":{"rendered":"http:\/\/adsil.com.mx\/site\/?page_id=998"},"modified":"2021-10-07T19:55:19","modified_gmt":"2021-10-07T19:55:19","slug":"aires-acondicionados","status":"publish","type":"page","link":"https:\/\/adsil.com.mx\/site\/servicios\/aires-acondicionados\/","title":{"rendered":"Aires Acondicionados"},"content":{"rendered":"\t\t<div data-elementor-type=\"wp-page\" data-elementor-id=\"998\" class=\"elementor elementor-998\" data-elementor-settings=\"[]\">\n\t\t\t\t\t\t\t<div class=\"elementor-section-wrap\">\n\t\t\t\t\t\t\t<section class=\"elementor-section elementor-top-section elementor-element elementor-element-123ee2b elementor-section-boxed elementor-section-height-default elementor-section-height-default\" data-id=\"123ee2b\" data-element_type=\"section\" data-settings=\"{&quot;background_background&quot;:&quot;classic&quot;}\">\n\t\t\t\t\t\t<div class=\"elementor-container elementor-column-gap-default\">\n\t\t\t\t\t<div class=\"elementor-column elementor-col-100 elementor-top-column elementor-element elementor-element-2ab0c38\" data-id=\"2ab0c38\" data-element_type=\"column\">\n\t\t\t<div class=\"elementor-widget-wrap elementor-element-populated\">\n\t\t\t\t\t\t\t\t<div class=\"elementor-element elementor-element-3206282 elementor-widget elementor-widget-heading\" data-id=\"3206282\" data-element_type=\"widget\" data-widget_type=\"heading.default\">\n\t\t\t\t<div class=\"elementor-widget-container\">\n\t\t\t<h4 class=\"elementor-heading-title elementor-size-default\">Adsil para Aires\nacondicionados<\/h4>\t\t<\/div>\n\t\t\t\t<\/div>\n\t\t\t\t<section class=\"elementor-section elementor-inner-section elementor-element elementor-element-a503e1e elementor-section-boxed elementor-section-height-default elementor-section-height-default\" data-id=\"a503e1e\" data-element_type=\"section\">\n\t\t\t\t\t\t<div class=\"elementor-container elementor-column-gap-default\">\n\t\t\t\t\t<div class=\"elementor-column elementor-col-50 elementor-inner-column elementor-element elementor-element-808b9ab\" data-id=\"808b9ab\" data-element_type=\"column\">\n\t\t\t<div class=\"elementor-widget-wrap elementor-element-populated\">\n\t\t\t\t\t\t\t\t<div class=\"elementor-element elementor-element-6111cda elementor-widget elementor-widget-heading\" data-id=\"6111cda\" data-element_type=\"widget\" data-widget_type=\"heading.default\">\n\t\t\t\t<div class=\"elementor-widget-container\">\n\t\t\t<h3 class=\"elementor-heading-title elementor-size-default\">CAPA SELLADORA CRISTALINA A NIVEL MOLECULAR<\/h3>\t\t<\/div>\n\t\t\t\t<\/div>\n\t\t\t\t<div class=\"elementor-element elementor-element-001a14a elementor-widget-divider--view-line elementor-widget elementor-widget-divider\" data-id=\"001a14a\" data-element_type=\"widget\" data-widget_type=\"divider.default\">\n\t\t\t\t<div class=\"elementor-widget-container\">\n\t\t\t\t\t<div class=\"elementor-divider\">\n\t\t\t<span class=\"elementor-divider-separator\">\n\t\t\t\t\t\t<\/span>\n\t\t<\/div>\n\t\t\t\t<\/div>\n\t\t\t\t<\/div>\n\t\t\t\t<div class=\"elementor-element elementor-element-162e34e elementor-widget elementor-widget-text-editor\" data-id=\"162e34e\" data-element_type=\"widget\" data-widget_type=\"text-editor.default\">\n\t\t\t\t<div class=\"elementor-widget-container\">\n\t\t\t\t\t\t\t<p><span style=\"font-weight: 400;\">Aplicando la capa selladora de ADSIL, ahorrar\u00e1 notablemente en costos de mantenimiento, ya que PROTEGE a sus equipos de la corrosi\u00f3n, a\u00fan en atm\u00f3sferas agresivamente salinas. Con ADSIL es mucho m\u00e1s sencilla la limpieza y mantenimiento porque impide la adherencia de polvo y evita el crecimiento de hongos y moho.<\/span><\/p>\t\t\t\t\t\t<\/div>\n\t\t\t\t<\/div>\n\t\t\t\t<div class=\"elementor-element elementor-element-e171bde elementor-widget elementor-widget-heading\" data-id=\"e171bde\" data-element_type=\"widget\" data-widget_type=\"heading.default\">\n\t\t\t\t<div class=\"elementor-widget-container\">\n\t\t\t<h3 class=\"elementor-heading-title elementor-size-default\">Ahorro en energ\u00eda<\/h3>\t\t<\/div>\n\t\t\t\t<\/div>\n\t\t\t\t<div class=\"elementor-element elementor-element-675c6b2 elementor-widget elementor-widget-text-editor\" data-id=\"675c6b2\" data-element_type=\"widget\" data-widget_type=\"text-editor.default\">\n\t\t\t\t<div class=\"elementor-widget-container\">\n\t\t\t\t\t\t\t<p><span style=\"font-weight: 400;\">Con ADSIL usted ahorra energ\u00eda entre un 9% a un 15%. Su capa selladora de tan solo 3 a 5 micras permite que la transferencia de calor sea m\u00e1s eficiente.<\/span><\/p>\t\t\t\t\t\t<\/div>\n\t\t\t\t<\/div>\n\t\t\t\t\t<\/div>\n\t\t<\/div>\n\t\t\t\t<div class=\"elementor-column elementor-col-50 elementor-inner-column elementor-element elementor-element-61ca67c\" data-id=\"61ca67c\" data-element_type=\"column\">\n\t\t\t<div class=\"elementor-widget-wrap elementor-element-populated\">\n\t\t\t\t\t\t\t\t<div class=\"elementor-element elementor-element-ef1847d elementor-widget elementor-widget-image\" data-id=\"ef1847d\" data-element_type=\"widget\" data-widget_type=\"image.default\">\n\t\t\t\t<div class=\"elementor-widget-container\">\n\t\t\t\t\t\t\t\t\t\t\t\t\t\t\t<img width=\"371\" height=\"379\" src=\"https:\/\/adsil.com.mx\/site\/wp-content\/uploads\/2014\/06\/anticorrosivos.png\" class=\"attachment-large size-large\" alt=\"\" loading=\"lazy\" srcset=\"https:\/\/adsil.com.mx\/site\/wp-content\/uploads\/2014\/06\/anticorrosivos.png 371w, https:\/\/adsil.com.mx\/site\/wp-content\/uploads\/2014\/06\/anticorrosivos-293x300.png 293w\" sizes=\"(max-width: 371px) 100vw, 371px\" \/>\t\t\t\t\t\t\t\t\t\t\t\t\t\t\t<\/div>\n\t\t\t\t<\/div>\n\t\t\t\t\t<\/div>\n\t\t<\/div>\n\t\t\t\t\t\t\t<\/div>\n\t\t<\/section>\n\t\t\t\t<div class=\"elementor-element elementor-element-a6977fd elementor-widget elementor-widget-image\" data-id=\"a6977fd\" data-element_type=\"widget\" data-widget_type=\"image.default\">\n\t\t\t\t<div class=\"elementor-widget-container\">\n\t\t\t\t\t\t\t\t\t\t\t\t\t\t\t<img width=\"580\" height=\"354\" src=\"https:\/\/adsil.com.mx\/site\/wp-content\/uploads\/2021\/10\/15.jpg\" class=\"attachment-large size-large\" alt=\"\" loading=\"lazy\" srcset=\"https:\/\/adsil.com.mx\/site\/wp-content\/uploads\/2021\/10\/15.jpg 782w, https:\/\/adsil.com.mx\/site\/wp-content\/uploads\/2021\/10\/15-300x183.jpg 300w, https:\/\/adsil.com.mx\/site\/wp-content\/uploads\/2021\/10\/15-768x468.jpg 768w\" sizes=\"(max-width: 580px) 100vw, 580px\" \/>\t\t\t\t\t\t\t\t\t\t\t\t\t\t\t<\/div>\n\t\t\t\t<\/div>\n\t\t\t\t\t<\/div>\n\t\t<\/div>\n\t\t\t\t\t\t\t<\/div>\n\t\t<\/section>\n\t\t\t\t\t\t<\/div>\n\t\t\t\t\t<\/div>\n\t\t","protected":false},"excerpt":{"rendered":"<p>Adsil para Aires acondicionados CAPA SELLADORA CRISTALINA A NIVEL MOLECULAR Aplicando la capa selladora de ADSIL, ahorrar\u00e1 notablemente en costos de mantenimiento, ya que PROTEGE a sus equipos de la corrosi\u00f3n, a\u00fan en atm\u00f3sferas agresivamente salinas. Con ADSIL es mucho m\u00e1s sencilla la limpieza y mantenimiento porque impide la adherencia de polvo y evita el [&hellip;]<\/p>\n","protected":false},"author":1,"featured_media":0,"parent":819,"menu_order":0,"comment_status":"closed","ping_status":"closed","template":"elementor_header_footer","meta":[],"_links":{"self":[{"href":"https:\/\/adsil.com.mx\/site\/wp-json\/wp\/v2\/pages\/998"}],"collection":[{"href":"https:\/\/adsil.com.mx\/site\/wp-json\/wp\/v2\/pages"}],"about":[{"href":"https:\/\/adsil.com.mx\/site\/wp-json\/wp\/v2\/types\/page"}],"author":[{"embeddable":true,"href":"https:\/\/adsil.com.mx\/site\/wp-json\/wp\/v2\/users\/1"}],"replies":[{"embeddable":true,"href":"https:\/\/adsil.com.mx\/site\/wp-json\/wp\/v2\/comments?post=998"}],"version-history":[{"count":9,"href":"https:\/\/adsil.com.mx\/site\/wp-json\/wp\/v2\/pages\/998\/revisions"}],"predecessor-version":[{"id":1115,"href":"https:\/\/adsil.com.mx\/site\/wp-json\/wp\/v2\/pages\/998\/revisions\/1115"}],"up":[{"embeddable":true,"href":"https:\/\/adsil.com.mx\/site\/wp-json\/wp\/v2\/pages\/819"}],"wp:attachment":[{"href":"https:\/\/adsil.com.mx\/site\/wp-json\/wp\/v2\/media?parent=998"}],"curies":[{"name":"wp","href":"https:\/\/api.w.org\/{rel}","templated":true}]}}